{"id":1055,"date":"2021-01-17T18:12:19","date_gmt":"2021-01-17T16:12:19","guid":{"rendered":"https:\/\/macadmin.cz\/?page_id=1055"},"modified":"2021-01-29T14:09:19","modified_gmt":"2021-01-29T12:09:19","slug":"spoluprace-s-quentinem","status":"publish","type":"page","link":"https:\/\/macadmin.cz\/?page_id=1055","title":{"rendered":"Spolupr\u00e1ce s Quentinem"},"content":{"rendered":"\n<h1 class=\"wp-block-heading\">Apple v hotelech<\/h1>\n\n\n\n<h2 class=\"wp-block-heading\">Apple TV<\/h2>\n\n\n\n<p>Prvn\u00ed \u010d\u00e1st projektu se to\u010dila okolo nasazen\u00ed druh\u00e9 generace Apple TV v hotelov\u00fdch pokoj\u00edch. Z\u00e1kazn\u00edk si p\u0159\u00e1l, aby si p\u0159es n\u011b mohli host\u00e9 pou\u0161t\u011bt hudbu (pr\u00e1vo na pou\u017eit\u00ed domluveno s autorsk\u00fdm svazem). Idea byla takov\u00e1, \u017ee se pou\u017eije Mac s iTunes a funkce Home Sharing. P\u0159i prvn\u00edm testov\u00e1n\u00ed se uk\u00e1zalo, \u017ee jsme po p\u0159ipojen\u00ed p\u00e1t\u00e9ho za\u0159\u00edzen\u00ed narazili na nikde nezdokumentovan\u00fd um\u011bl\u00fd limit a v\u00edc soub\u011b\u017en\u00fdch stream\u016f nepust\u00edme. Jen\u017ee j\u00e1 dostal n\u00e1pad&#8230;<\/p>\n\n\n\n<p>Co kdyby b\u011b\u017eelo na Macu iTunes v\u00edcekr\u00e1t a ke ka\u017ed\u00e9mu se p\u0159ipojio 4-5 Apple TV? Instance iTunes pob\u011b\u017e\u00ed pod vlastn\u00edm u\u017eivatelem a budou pou\u017e\u00edvat jin\u00e9 Apple ID. V\u00fdsledek vypadal tak, \u017ee po spou\u0161t\u011bn\u00ed Macu do\u0161lo k automatick\u00e9mu p\u0159ihl\u00e1\u0161en\u00ed prvn\u00edho u\u017eivatele. N\u00e1sledovala naskriptovan\u00e1 automatizace, kter\u00e9 pomoc\u00ed Fast User Switching p\u0159ihl\u00e1sila 10+ u\u017eivatelsk\u00fdch \u00fa\u010dt\u016f a v ka\u017ed\u00e9 spustila iTunes.<\/p>\n\n\n\n<p>Nev\u00fdhodou byla minim\u00e1ln\u00ed mo\u017enost centr\u00e1ln\u011b spravovat Apple TV. V\u0161echny jsme museli nastavit ru\u010dn\u011b, by\u0165 pozd\u011bji jsem si pomohl aspo\u0148 instalac\u00ed konfigura\u010dn\u00edch profil\u016f nastavuj\u00edc\u00ed Wi-Fi skrz USB a Apple Configurator 1.<\/p>\n\n\n\n<h2 class=\"wp-block-heading\">iPady<\/h2>\n\n\n\n<p>Klient se rozhodl nahradit zastaral\u00e9 po\u010d\u00edta\u010de v hotelov\u00fdch pokoj\u00edch za iPady. Jejich konfiguraci a rychl\u00e9 vr\u00e1cen\u00ed do v\u00fdchoz\u00edho jsme zajistili pomoc\u00ed Apple Configurator 1 a pozd\u011bji Apple Configurator 2. V omezen\u00e9 m\u00ed\u0159e fungovala i vzd\u00e1len\u00e1 spr\u00e1va pomoc\u00ed MDM Profile Manager.<\/p>\n\n\n\n<h1 class=\"wp-block-heading\">Firemn\u00ed integrace<\/h1>\n\n\n\n<p>Integrace v\u011bt\u0161inou za\u010d\u00ednaly sc\u00e9n\u00e1\u0159em, kdy mana\u017eer nebo \u0161\u00e9f firmy nad\u0161en\u00fd z iPhone po\u0159\u00eddil sv\u016fj prvn\u00ed Mac. V cest\u011b jeho n\u00e1sledn\u00e9 pou\u017eit\u00ed v pr\u00e1ci st\u00e1ly p\u0159ek\u00e1\u017eky ve form\u011b Active Directory a Wi-Fi s WPA2 Enterprise autentizac\u00ed. M\u00edstn\u00ed aj\u0165\u00e1k s t\u00edm odm\u00edtl cokoliv d\u011blat a p\u0159\u00edpad skon\u010dil zp\u011bt u n\u00e1s. <\/p>\n\n\n\n<p>D\u00edky m\u00e9mu know jsme klient\u016fm dok\u00e1zali pomoci se zapojen\u00edm nespravovan\u00fdch Mac\u016f do Active Directory dom\u00e9ny a nakonfigurovat p\u0159ipojen\u00ed k firemn\u00ed Wi-Fi nebo VPN.<\/p>\n\n\n\n<h1 class=\"wp-block-heading\">Na prodejn\u011b Qstore<\/h1>\n\n\n\n<p>Je\u0161t\u011b ne\u017e jsem se za\u010dal v\u011bnovat firemn\u00edm z\u00e1kazn\u00edk\u016fm, pracoval jsem p\u0159es dva roky v pra\u017esk\u00fdch <strong>Apple Premium Reseller<\/strong> prodejn\u00e1ch <strong>Qstore<\/strong>. <\/p>\n\n\n\n<p>Zaj\u00edmav\u011bj\u0161\u00ed \u010d\u00e1st pr\u00e1ce zahrnovala komunikaci s (potenci\u00e1ln\u00edmi) z\u00e1kazn\u00edky. Nejprve zjistit, jak\u00e9 maj\u00ed pot\u0159eby, a n\u00e1sledn\u011b navrhnout mo\u017en\u00e9 \u0159e\u0161en\u00ed. Ide\u00e1ln\u011b takov\u00e9, kter\u00e9 zahrnovalo prodej n\u011b\u010deho na prodejn\u011b. O \u00farove\u0148 v\u00fd\u0161 bylo poskytov\u00e1n\u00ed technick\u00e9 podpory p\u0159\u00edmo na m\u00edst\u011b a ob\u010dasn\u00fd &#8220;v\u00fdjezd&#8221;, kdy se nap\u0159\u00edklad pom\u00e1halo z\u00e1kazn\u00edkovi nastavit dom\u00e1c\u00ed s\u00ed\u0165. N\u011bkdy do\u0161lo i na men\u0161\u00ed \u0161kolen\u00ed, kdy jsem u\u010dil z\u00e1kazn\u00edky pou\u017e\u00edvat n\u011bkter\u00fd z Apple produkt\u016f (pov\u011bt\u0161inou software).<\/p>\n\n\n\n<p>Vedle perfektn\u00ed znalosti Apple produkt\u016f, kterou jsem m\u011bl u\u017e p\u0159edt\u00edm, pr\u00e1ce na prodejn\u011b zlep\u0161ila m\u00e9 komunika\u010dn\u00ed schopnosti a zocelila trp\u011blivost s u\u017eivatelem.<\/p>\n","protected":false},"excerpt":{"rendered":"<p>Apple v hotelech Apple TV Prvn\u00ed \u010d\u00e1st projektu se to\u010dila okolo nasazen\u00ed druh\u00e9 generace Apple TV v hotelov\u00fdch pokoj\u00edch. Z\u00e1kazn\u00edk si p\u0159\u00e1l, aby si p\u0159es n\u011b mohli host\u00e9 pou\u0161t\u011bt hudbu (pr\u00e1vo na pou\u017eit\u00ed domluveno s autorsk\u00fdm svazem). Idea byla takov\u00e1, \u017ee se pou\u017eije Mac s iTunes a funkce Home Sharing. P\u0159i prvn\u00edm testov\u00e1n\u00ed se uk\u00e1zalo, &hellip; <\/p>\n<p class=\"link-more\"><a href=\"https:\/\/macadmin.cz\/?page_id=1055\" class=\"more-link\">Continue reading<span class=\"screen-reader-text\"> &#8220;Spolupr\u00e1ce s Quentinem&#8221;<\/span><\/a><\/p>\n","protected":false},"author":2,"featured_media":0,"parent":644,"menu_order":0,"comment_status":"closed","ping_status":"closed","template":"","meta":{"ngg_post_thumbnail":0,"footnotes":""},"class_list":["post-1055","page","type-page","status-publish","hentry"],"_links":{"self":[{"href":"https:\/\/macadmin.cz\/index.php?rest_route=\/wp\/v2\/pages\/1055","targetHints":{"allow":["GET"]}}],"collection":[{"href":"https:\/\/macadmin.cz\/index.php?rest_route=\/wp\/v2\/pages"}],"about":[{"href":"https:\/\/macadmin.cz\/index.php?rest_route=\/wp\/v2\/types\/page"}],"author":[{"embeddable":true,"href":"https:\/\/macadmin.cz\/index.php?rest_route=\/wp\/v2\/users\/2"}],"replies":[{"embeddable":true,"href":"https:\/\/macadmin.cz\/index.php?rest_route=%2Fwp%2Fv2%2Fcomments&post=1055"}],"version-history":[{"count":10,"href":"https:\/\/macadmin.cz\/index.php?rest_route=\/wp\/v2\/pages\/1055\/revisions"}],"predecessor-version":[{"id":1372,"href":"https:\/\/macadmin.cz\/index.php?rest_route=\/wp\/v2\/pages\/1055\/revisions\/1372"}],"up":[{"embeddable":true,"href":"https:\/\/macadmin.cz\/index.php?rest_route=\/wp\/v2\/pages\/644"}],"wp:attachment":[{"href":"https:\/\/macadmin.cz\/index.php?rest_route=%2Fwp%2Fv2%2Fmedia&parent=1055"}],"curies":[{"name":"wp","href":"https:\/\/api.w.org\/{rel}","templated":true}]}}